 o. Suppose y = -5*d - 3*m - 2*m + 595, 0 = 4*m. Is d a prime number?
False
Is (3 - 76/24)*(12 + -465486) a composite number?
True
Suppose -86*j + 13567074 = 19*j - 4274421. Is j composite?
False
Is (-140 - -141)/(1/42433) a composite number?
False
Is (-3685605)/(-3 - 2) - (44/11 - -4) a prime number?
False
Let t(v) = v**3 + 7*v**2 - 32*v - 2. Let y be t(-10). Is -2710*(y/(-20) - 12/(-30)) composite?
True
Let r be (70/15 + -4)/((-2)/(-33)). Suppose r*v - 3*v = 1040. Suppose 3*q - 1241 = v. Is q a prime number?
True
Let s(p) be the third derivative of 23*p**5/30 - 13*p**4/24 - 2*p**3/3 + 53*p**2. Let q be s(-14). Suppose -6*n + 4708 = -q. Is n a composite number?
True
Let m = 193141 + -115760. Is m a prime number?
False
Let x = -6436 + -1224. Let v = 14607 + x. Is v a prime number?
True
Let s(n) = -3*n + 13. Let u be s(3). Suppose u*q + q - 6410 = 0. Suppose -4*y + q + 1066 = 0. Is y a composite number?
False
Suppose 7*i = -15*i + 66. Suppose 0 = i*o + 7*o - 187870. Is o prime?
True
Let w = 104 - 29. Suppose v = 3*p + 157, 31 = -2*p + 2*v - w. Let x = 7 - p. Is x a prime number?
True
Let x be 143/6 - (-2)/12. Suppose 3*g = 3*a - 9 - 0, 4*a + 2*g = x. Suppose 4*l + 1674 = 2*f + 6*l, a*l = -4*f + 3350. Is f prime?
False
Let b = 910 + -690. Is 264/b + (-89608)/(-10) composite?
True
Let g = -171918 + 284720. Is g a prime number?
False
Let g(y) = 74*y. Let b be g(1). Suppose 89 = 5*z - 3*s - b, -74 = -2*z - s. Suppose 2174 = -z*k + 37*k. Is k a prime number?
True
Let c(h) = -h**2 - 10*h - 31. Let g be c(-8). Is 18/g*(51225/6)/(-5) composite?
True
Suppose -4*q - 4*h = -1860, -6*q - 2818 = -12*q + h. Is q a composite number?
True
Let y(d) be the first derivative of 98*d**3/3 - 2*d**2 + 9*d + 209. Suppose 0 = 4*x - 22 + 6. Is y(x) a prime number?
False
Suppose 0 = -641*s + 639*s + 52618. Is s composite?
False
Suppose -5*i = -4*r + 60, 3*i - 2*r + 12 = 2*i. Let a = i - -16. Suppose -a*f + 134 = -1374. Is f composite?
True
Let s(j) be the first derivative of -3*j**2/2 - 21*j + 13. Let b be s(-5). Is (3 - (-22)/b)*(-5649)/2 composite?
True
Let w = 474048 - 254935. Is w prime?
False
Let l(i) = 872*i + 2649. Is l(35) a prime number?
False
Suppose r = -3*r. Let q(b) = b**3 - b**2 - 26*b - 38. Let v be q(18). Suppose r = 19*i - 21*i + v. Is i a composite number?
True
Is (1/3)/((-52)/(-42070548)) composite?
False
Let l = 203 + -199. Suppose 0 = 3*n - s - 1278, -710 = 3*n + l*s - 2003. Is n a prime number?
False
Let q be (-5)/(44/11 - (-2165)/(-541)). Suppose 5*s - q = 2*n, -s + 0*n - n + 541 = 0. Is s a prime number?
True
Let w = -228 + 233. Suppose -2*u - 9*z + 2955 = -8*z, -w*u = 4*z - 7389. Is u composite?
True
Let t = -2687 - -761. Let g = t - -3199. Is g prime?
False
Suppose 163*t - 248*t - 1798316 = -137*t. Is t composite?
False
Let d = 209854 + -114057. Is d prime?
False
Let p = -96 - -175. Let g = p + -47. Suppose -33*z + g*z = -889. Is z prime?
False
Let f(q) = -5 - 63*q**2 - 62*q**2 + 880*q**3 + 214*q**3 + 123*q**2 + 4*q. Is f(2) a prime number?
True
Let j = -17 - -21. Suppose -j*t - 5*q = -15, -3*t + 0*q = 3*q - 12. Suppose -t*h - 941 = -3*c, 0 = -5*c - 0*h + 3*h + 1547. Is c composite?
False
Let m be ((4 - (-3 + 6)) + 2)/(-1). Let l(a) = -93*a**3 - 2*a**2 + 5*a - 5. Is l(m) composite?
False
Suppose -3*y - 22 = -2*x + y, -26 = -x - y. Suppose l = 5, -x = 3*f - 5*l - 2. Suppose -18*i + 4848 = -f*i. Is i prime?
False
Let h(m) = -510*m**3 - 8*m**2 + 15*m + 7. Let k be h(-6). Suppose 7*v - 2*x - 87836 = 3*v, 5*v - k = 4*x. Is v prime?
True
Suppose 0 = 3*a + 2*a + 2*a. Suppose 5*y - 65 - 45 = a. Suppose y*z + 3396 = 26*z. Is z composite?
True
Is ((-135)/3)/(-9) + -12 - -1690*464 composite?
False
Is (-91)/((-1183)/6960720) - 1 prime?
False
Let n = -744 - -1162. Let z = 68 - -57. Let j = n - z. Is j composite?
False
Suppose -2*m = -3*o + 301763, 5 = 14*m - 13*m. Is o a prime number?
True
Let w(c) be the second derivative of -3*c**5/10 - c**4/4 - c**3/2 + 2*c**2 + 9*c - 2. Is w(-5) a prime number?
False
Suppose -5*x - 5 = 0, -3*b + 0*x - 394 = x. Let v = -129 - b. Suppose 5*y = -v*d + 1785, -d - 5*y + 900 = -10*y. Is d a prime number?
False
Let p = -678 - -675. Let u(a) = -556*a**3 + 4*a**2 + 7*a - 10. Is u(p) prime?
True
Let o = 664774 - 460571. Is o a composite number?
True
Let b(q) = 461810*q**2 + 254*q - 257. Is b(1) a composite number?
True
Suppose -3*o - 6*o + 97686 = 0. Suppose -10*u = -u - o. Let m = u - 845. Is m composite?
True
Let g(z) = -z**3 - 18*z**2 - 22*z + 19. Suppose 10*r - 5*r = -2*c - 50, -c - 22 = r. Is g(c) a composite number?
False
Suppose 2*d - 5*d = 5*z - 2, 0 = 2*d + 2. Suppose 0 = v + z, -4*l = -0*l + 5*v - 44447. Is l composite?
False
Let w(i) = -808*i - 3*i**3 + 27*i**2 + 4*i**3 - 10 + 854*i. Is w(-18) prime?
False
Let j(f) = 236*f**2 - f - 1. Let v be j(-1). Suppose 4*o = 5*m + 739, -2*m = o + 4*o + 289. Let c = v + m. Is c composite?
False
Suppose -1254 = 4*v - 13330. Is v composite?
False
Let o(k) = 50*k**2 + 31*k - 4. Let m be o(3). Suppose -2758 = -7*n + m. Is n a composite number?
True
Let p(z) = 5*z**2 - 2*z + 2. Let f be 2 + 2 + (6 - 9). Let k be p(f). Let o(a) = 9*a**2 - 3*a - 16. Is o(k) a composite number?
True
Suppose -3*l - 3*v - 1158 = 0, 4*v + 392 = 5*l - 6*l. Let d(h) = 4*h**3 + 6*h**2 + 2*h + 2. Let w be d(-6). Let o = l - w. Is o a prime number?
False
Let o be (26/3 - (-1)/3)*843. Suppose -2*j + o = 4*h + j, -20 = -4*j. Is h prime?
False
Suppose 5*y - 5*d = 217275, 3*y + 91*d - 130373 = 90*d. Is y composite?
False
Let z(k) = -k**3 - 3*k**2 - k + 5. Let m be z(-3). Is 2328 - ((-4)/m + 1/(-2)) a composite number?
True
Suppose -6*m = 1684 - 4672. Let d = 1217 - m. Is d a prime number?
True
Let k be 8 + 20/(-2) + 5. Let r be (-3 - -5) + 4009*3/k. Suppose -r = -3*h - 0*h. Is h a prime number?
False
Suppose -346507160 + 190814992 - 177662656 = -184*z. Is z a composite number?
True
Let u(g) = 139*g**3 - 5*g**2 + 175*g - 71. Let l(r) = -27*r**3 + r**2 - 35*r + 14. Let i(t) = 11*l(t) + 2*u(t). Is i(-7) composite?
False
Let g(i) = -i + 16. Let k be g(6). Suppose k*h - 48 = 4*h. Suppose 5*o + 381 = h*o. Is o a prime number?
True
Let v = -3508 + 6572. Let a = v - 662. Is a composite?
True
Let c = 37 + -29. Suppose -240 = -c*p + 13*p. Let i = 749 + p. Is i a composite number?
False
Suppose -o - t + 1313 = 0, 4*o - 2*t - 5284 = 2*t. Let m = 139 + -135. Suppose -3*g = -2*g + 5*n - 255, -o = -5*g - m*n. Is g prime?
False
Let y(m) = -15*m**2 + 19*m - 42. Let u be y(13). Let w = u + -1051. Let b = w + 5648. Is b prime?
True
Suppose -22*n = -4*n. Let u be (-3 + -2 - -286)/(n + -1). Let q = 978 + u. Is q prime?
False
Let n be 12/28 - 23416/(-14). Suppose 4*h - 2*m = -5*m - n, m = 1. Is (2 + 0 - h) + 4/(-2) a composite number?
False
Suppose 19*o + o - 92456 = -36*o. Is o prime?
False
Let x = -1075 - -2031. Let h = -64 - -45. Let y = x + h. Is y prime?
True
Let m(b) = 6733*b**2 + 52*b - 7. Is m(-2) prime?
True
Let g(m) = m**3 + 6*m**2 + m - 16. Let i be g(-5). Let o = -29 + 14. Is (-19749)/o - i/(-10) a composite number?
True
Let m = -63 - -64. Let u(v) = 390*v**2 - 12*v + 13. Is u(m) a composite number?
True
Let a = -53924 - -376325. Is a a prime number?
False
Let p(u) = u**2 - 9*u + 24. Let f be p(6). Is (2*(-2)/12)/(f/(-46098)) a prime number?
False
Suppose 5 = 8*m - 7*m. Suppose 3*j - 2781 - 209 = -4*d, m*j = 4*d - 3006. Is d a composite number?
True
Let k = 67 + -65. Suppose -k*f = -2, 7*j - f - 1689 = 2*j. Suppose 0 = 3*g - 3*l - 941 + j, -2*g - 2*l + 410 = 0. Is g composite?
True
Let c(u) = 9*u**3 - 24*u**2 - u - 17. Is c(11) prime?
False
Suppose 0 = 11*c + 48643 - 199013. Suppose -8*w = -c + 366. Is w a composite number?
False
Let w = 34 - 57. Let d(t) = t**2 + 21*t - 43. Let c be d(w). Suppose -6*y = -c*y - 5703. Is y a composite number?
False
Suppose -52208350 - 93776352 = -241*x - 26265783. Is x a prime number?
False
Let c(o) = -507*o**3 - 2*o**2 + 4*o + 12. Let k be c(-2). Is 5/(20/k)*5 composite?
True
Let f(v) = 6*v**2 - 153*v - 134. Is f(51) a prime number?
True
Suppose w = 3*l - 119372, 51*l = 53*l - 4*w - 79578. Is l a composite number?
False
Let a = -30 + 36. Suppose 0 = a*g - 10*g + 1748. Is g composite?
True
Suppose 5149270 = 22*o - 2555959 - 2621505. Is o a prime number?
True
Let m be ((-1681)/(-2))/((-15)/(